{"id":2166,"date":"2014-05-05T16:47:58","date_gmt":"2014-05-05T16:47:58","guid":{"rendered":"http:\/\/www.marcos-fernandez.es\/?page_id=2166"},"modified":"2026-03-13T22:19:37","modified_gmt":"2026-03-13T22:19:37","slug":"biography","status":"publish","type":"page","link":"https:\/\/www.marcos-fernandez.es\/en\/biography\/","title":{"rendered":"Biography"},"content":{"rendered":"<p lang=\"zxx\" style=\"text-align: justify;\"><a href=\"https:\/\/www.marcos-fernandez.es\/wp-content\/uploads\/Nocturno-Sinfonico-Auditorio-de-Galicia.jpg\"><img loading=\"lazy\" decoding=\"async\" class=\"alignleft wp-image-4003 size-medium\" src=\"https:\/\/www.marcos-fernandez.es\/wp-content\/uploads\/Nocturno-Sinfonico-Auditorio-de-Galicia-300x169.jpg\" alt=\"\" width=\"300\" height=\"169\" srcset=\"https:\/\/www.marcos-fernandez.es\/wp-content\/uploads\/Nocturno-Sinfonico-Auditorio-de-Galicia-300x169.jpg 300w, https:\/\/www.marcos-fernandez.es\/wp-content\/uploads\/Nocturno-Sinfonico-Auditorio-de-Galicia-1024x577.jpg 1024w, https:\/\/www.marcos-fernandez.es\/wp-content\/uploads\/Nocturno-Sinfonico-Auditorio-de-Galicia-768x433.jpg 768w, https:\/\/www.marcos-fernandez.es\/wp-content\/uploads\/Nocturno-Sinfonico-Auditorio-de-Galicia.jpg 1278w\" sizes=\"auto, (max-width: 300px) 100vw, 300px\" \/><\/a><\/p>\n<p class=\"western\" align=\"left\">Marcos Fernandez-Barrero is a Spanish pianist, composer, and professor who is a member of the <em>Royal Society of Arts<\/em> (London), active in the national and international scene, and a faculty member at the Municipal Conservatory of Barcelona.<\/p>\n<p style=\"text-align: justify;\"><strong>Early life and education<\/strong><\/p>\n<p style=\"text-align: justify;\">Born in Barcelona in 1984, Marcos Fern\u00e1ndez-Barrero started his musical studies at the at the Municipal Conservatoire of Barcelona and graduated in piano from ESMUC with Maria Jes\u00fas Crespo to later continue his piano training with Ram\u00f3n Coll and Isobel Anderson. In 2006he move to Scotland to do his second degree in composition, at the Royal Conservatoire of Scotland with Rory Boyle, and later obtained a master's degree in composition from the Royal College of Music in London with Joe Horowitz. He also received composition lessons with Catalan based composers Carles_Guinovart_i_Rubiella, Xavier Boliart, Arnau Bataller , Albert Guinovart and English composers Mark Anthony-Turnage, and Howard Shore, the composer of the music for The Lord of the Rings.<\/p>\n<p style=\"text-align: justify;\">He also studied violin with Gerard Claret, and later with Alex Vidal at the Municipal Conservatoire of Barcelona<\/p>\n<p style=\"text-align: justify;\"><strong>Career<\/strong><\/p>\n<p style=\"text-align: justify;\">Su distinguida carrera musical le ha valido reconocimiento tanto en Espa\u00f1a como a nivel internacional con varias docenas de premios y destac\u00e1ndose por el\u00a0<strong>Premio Francisco Guerrero de la Fundaci\u00f3n SGAE <\/strong>o el prestigioso <strong>IX Premio AEOS-Fundaci\u00f3n BBVA<\/strong>, que le otorg\u00f3 18.000\u20ac y entre 2018 y 2020 lo consolid\u00f3 como \u00ab<strong>el compositor vivo m\u00e1s programado en la sala sinf\u00f3nica espa\u00f1ola<\/strong>\u00bb. Sus composiciones han sido interpretadas tanto a nivel nacional como internacional por orquestas como la <em>Orquesta Nacional de Espa\u00f1a, la Orquesta de Radio y Televisi\u00f3n Espa\u00f1ola, la Filarm\u00f3nica de los Pa\u00edses Bajos, el Orchestre National de Bretagne, la Columbus Symphony Orchestra, la Princeton Symphony Orchestra, la Orquesta Nacional de Malta, la Britten Sinfonia, la Sydney Contemporary Orchestra, la Orquesta Sinf\u00f3nica de Galicia, la Orquesta Sinf\u00f3nica de Asturias, la Orquesta Sinf\u00f3nica de Madrid o la Orquesta Sinf\u00f3nica de Sevilla<\/em>, entre muchas otras.<\/p>\n<p>Entre sus obras m\u00e1s destacadas se encuentra un <strong><em>R\u00e9quiem<\/em> <\/strong>encargado en 2022 por el Coro y la Orquesta Sinf\u00f3nica de Madrid, que se estren\u00f3 en el Auditorio Nacional de Espa\u00f1a con texto de Antonio Machado y escrito en homenaje a su padre durante el proceso de duelo tras su reciente fallecimiento. Tambi\u00e9n recibi\u00f3 el encargo de un <strong>Concerto for sax quartet and orchestra<\/strong> en 2023, estrenado en el Palau de la M\u00fasica Catalana con el cuarteto Kebyart y la Orquesta Sinf\u00f3nica del Vall\u00e8s. En 2019, la Orquesta Sinf\u00f3nica de Barcelona y Nacional de Catalunya (OBC) estren\u00f3 en L\u2019Auditori el encargo <em>America (Homenaje a Bernstein)<\/em>, y entre sus encargos m\u00e1s recientes destacan un <strong>Concierto para Violonchelo y Orquesta<\/strong> para el solista Guillermo Pastrana, <strong><em>Celtic Sea Symphonique<\/em><\/strong> with <strong>Carlos N\u00fa\u00f1ez<\/strong> como solista y la Orchestre National de Bretagne, y un <strong>Triple Concierto<\/strong> para el Trio Pedrell y la orquesta Terrassa 48.<\/p>\n<p>In 2014, the Sydney Contemporary Orchestra gave the fifth performance of his work <em>Resonancias para orquesta<\/em>*Reson\u00e0ncies per a orquestra*, repeatedly programmed by the Asturian Symphony Orchestra, with whom he also premiered <em>Reflejos<\/em> (2015) \u2014a symphonic work featuring the local melody \u201cAsturias Patria Querida\u201d\u2014 and later <em>Eclipse para orquesta<\/em> (2016) and <em>Nocturno Sinf\u00f3nico<\/em> (2023).<\/p>\n<p style=\"text-align: justify;\"><strong>Piano<\/strong><\/p>\n<p style=\"text-align: justify;\">During his final ten years in the United Kingdom, he performed extensively around the world as part of several chamber groups, for which he also composed music. In addition, he gave numerous solo performances, playing many of his works for solo piano and also working as an improvising pianist for classical ballet and contemporary dance.<\/p>\n<p style=\"text-align: justify;\">Due to his interest in Cletic Music, he started collaborating with Carlos Nu\u00f1ez in 2014 when he was invited to perform for his concert Homage to Alan Lomax in the Cidade da Cultura (Santiago, Spain) and later in 2024 he collaborated, both as a composer and pianist, for the creation and recording of his album Celtic Sea<\/p>\n<p style=\"text-align: justify;\">In 2012, he founded the music label Piano Underscore in London, through which he produced three albums that include original works designed to be accessible to non-expert audiences. Many of these were created with a pedagogical focus and have been included in the Piano Music Syllabus 2023 of the Trinity College (London) examination programme.<\/p>\n<p style=\"text-align: justify;\">Some of his most recent piano works have graced venues like the Palau de la M\u00fasica Catalana, and the Maria Canals International Piano Competition, which commissioned the work FugaCity for the contestants of the 2021 edition. Since then the work has been included in the touring concerts of the winners Jaeden Izik-dzurko\u2019s (Canada), Masaya Kamei (Japan) and Antonio Chen (Italy). The collection of three piano pieces Scenes was commissioned at the same time for the pianist Alex Alguacil to be premiered at the Palau de la M\u00fasica Catalana in 2022, which was later programmed by the pianist in Lilis Hall (Yokohama, Japan). and at the C\u00edrcol de Reus (Tarragona, Spain).<\/p>\n<p style=\"text-align: justify;\"><strong>Opera - Dance - Multidisciplinary collaborations<\/strong><\/p>\n<p style=\"text-align: justify;\">In 2011 he worked as the resident composer of Crea.Art Box for the crafted their commisioned opera 'Noctum'. A second opera exploring the world of football and the Premier League titled 'Miracle, was commissioned from him in collaboration with best-selling author David Almond to be produced by Opera Sunderland in 2015. The success of this led to the Arts Council of England funding his third opera, 'The Soldier's Return,' premiered in the 2019\/2020 season with a libretto by Eliot prize-winning poet Jacob Polley.<\/p>\n<p style=\"text-align: justify;\">Thanks to the funding by Premis Barcelona 2020 Marcos was commissioned a his ballet Smart City (Plancton) to be produced by the Ballet Contemporani de Catalunya with a coreography by Miquel G. Font. which premiered in 2021 at Teatre - Auditori de Sant Cugat (Barcelona) in 2021. In the sam year, he started his collaboration with Spanish and artist based in Japan, Carolina Ceca working on the music for theirs first videart, Intangible, featuring Butoh dance.<\/p>\n<p style=\"text-align: justify;\">Since then, he has scored her later videoarts: Resistance (2023-2024), Dilemma (2022-2023) and Aleph (2021-2022)<\/p>\n<p style=\"text-align: justify;\"><strong>Music Style<\/strong><\/p>\n<p style=\"text-align: justify;\">His musical oeuvre is characterized by a fusion of diverse techniques and aesthetics, seamlessly blending modern currents with contemporary tendencies, minimalism, electroacoustics, Celtic folklore, flamenco, and jazz. This versatility is evident across various genres, from symphonic and chamber works to operas, ballets, piano compositions, and film scores, showcasing a unique and captivating artistic language that resonates with diverse audiences.<\/p>\n<p style=\"text-align: justify;\">In addition to his musical achievements, his commitment to making music accessible to society led to an invitation from the Royal Society of Arts in London, where he became a fellow during his 12-year residence.<\/p>\n<p style=\"text-align: justify;\"><strong>Teaching<\/strong><\/p>\n<p style=\"text-align: justify;\">In 2016 he founded the Theory and Composition course at the Trinity Music Academy in London and later served as a composition professor in Madrid's TAI University. He is currently based in Barcelona, where he teaches piano at the Municipal Conservatory of Barcelon since 2019.<\/p>\n<p lang=\"zxx\" style=\"text-align: justify;\">\u00a0<\/p>\n\n\n<figure class=\"wp-block-gallery has-nested-images columns-3 wp-block-gallery-1 is-layout-flex wp-block-gallery-is-layout-flex\">\n<figure class=\"wp-block-image size-medium\"><img loading=\"lazy\" decoding=\"async\" width=\"300\" height=\"200\" data-id=\"4009\" src=\"https:\/\/www.marcos-fernandez.es\/wp-content\/uploads\/7_Euterpe_Sarajevo-300x200.jpg\" alt=\"\" class=\"wp-image-4009\" srcset=\"https:\/\/www.marcos-fernandez.es\/wp-content\/uploads\/7_Euterpe_Sarajevo-300x200.jpg 300w, https:\/\/www.marcos-fernandez.es\/wp-content\/uploads\/7_Euterpe_Sarajevo-1024x683.jpg 1024w, https:\/\/www.marcos-fernandez.es\/wp-content\/uploads\/7_Euterpe_Sarajevo-768x512.jpg 768w, https:\/\/www.marcos-fernandez.es\/wp-content\/uploads\/7_Euterpe_Sarajevo-1536x1024.jpg 1536w, https:\/\/www.marcos-fernandez.es\/wp-content\/uploads\/7_Euterpe_Sarajevo-2048x1365.jpg 2048w, https:\/\/www.marcos-fernandez.es\/wp-content\/uploads\/7_Euterpe_Sarajevo-1600x1067.jpg 1600w\" sizes=\"auto, (max-width: 300px) 100vw, 300px\" \/><figcaption class=\"wp-element-caption\">Marcos Fernandez. Sarajevo<\/figcaption><\/figure>\n\n\n\n<figure class=\"wp-block-image size-medium\"><img loading=\"lazy\" decoding=\"async\" width=\"300\" height=\"200\" data-id=\"4010\" src=\"https:\/\/www.marcos-fernandez.es\/wp-content\/uploads\/7_Euterpe_Sarajevo_1-300x200.jpg\" alt=\"\" class=\"wp-image-4010\" srcset=\"https:\/\/www.marcos-fernandez.es\/wp-content\/uploads\/7_Euterpe_Sarajevo_1-300x200.jpg 300w, https:\/\/www.marcos-fernandez.es\/wp-content\/uploads\/7_Euterpe_Sarajevo_1-1024x683.jpg 1024w, https:\/\/www.marcos-fernandez.es\/wp-content\/uploads\/7_Euterpe_Sarajevo_1-768x512.jpg 768w, https:\/\/www.marcos-fernandez.es\/wp-content\/uploads\/7_Euterpe_Sarajevo_1-1536x1024.jpg 1536w, https:\/\/www.marcos-fernandez.es\/wp-content\/uploads\/7_Euterpe_Sarajevo_1-2048x1365.jpg 2048w, https:\/\/www.marcos-fernandez.es\/wp-content\/uploads\/7_Euterpe_Sarajevo_1-1600x1067.jpg 1600w\" sizes=\"auto, (max-width: 300px) 100vw, 300px\" \/><figcaption class=\"wp-element-caption\"><br>Marcos Fernandez. Sarajevo <\/figcaption><\/figure>\n<\/figure>\n\n\n\n<p><a href=\"https:\/\/www.marcos-fernandez.es\/wp-admin\/admin.php?page=Rich-Web%20Slider%20Admin?Rich_Web_PSlider_Nonce=5a691a8b73\"><\/a><\/p>\n\n\n\n<div style=\"width:100%;padding-top:74px;position:relative;border-bottom:1px solid #aaa;display:inline-block;background:#eee;background:rgba(255,255,255,0.9);\">    <iframe src=\"https:\/\/secure-embed.rtve.es\/drmn\/embed\/audio\/5706354\" name=\"Nueva \u00f3pera de Marcos Fern\u00e1ndez\" style=\"width:100%;height:37px;position:absolute;left:0;top:0;overflow:hidden;border:none;background-color:transparent;\" scrolling=\"no\" allowfullscreen=\"allowfullscreen\"><\/iframe>    <div style=\"position:absolute;bottom:0;left:0;font-family:arial,helvetica,sans-serif;font-size:12px;line-height:1.833;display:inline-block;padding:5px 0 5px 10px;\">        <span style=\"float:left;margin-right:10px;\">        \t<img decoding=\"async\" style=\"height:20px;width:auto;background: transparent;padding:0;margin:0;\" src=\"https:\/\/img2.rtve.es\/css\/rtve.commons\/rtve.header.footer\/i\/logoRTVEes.png\" alt=\"\">        <\/span>       \t<a style=\"color:#333;font-weight:bold;\" title=\"New opera by Marcos Fern\u00e1ndez\" href=\"https:\/\/www.rtve.es\/alacarta\/audios\/musica-viva\/nueva-opera-marcos-fernandez-08-11-20\/5706354\/\">            <strong>New opera by Marcos Fern\u00e1ndez<\/strong>\t\t<\/a>\t<\/div><\/div>\n\n\n<p>Watch videos of interviews to the catalan composer Marcos Fernandez-Barrero <a href=\"https:\/\/www.marcos-fernandez.es\/en\/entrevistas\/\">here<\/a><\/p>","protected":false},"excerpt":{"rendered":"<p>Marcos Fernandez-Barrero es un pianista, compositor y profesor espa\u00f1ol miembro de la Royal Society of Arts (Londres), activo en el&hellip;<\/p>","protected":false},"author":1,"featured_media":0,"parent":0,"menu_order":0,"comment_status":"closed","ping_status":"closed","template":"","meta":{"footnotes":""},"class_list":["post-2166","page","type-page","status-publish","hentry"],"_links":{"self":[{"href":"https:\/\/www.marcos-fernandez.es\/en\/wp-json\/wp\/v2\/pages\/2166","targetHints":{"allow":["GET"]}}],"collection":[{"href":"https:\/\/www.marcos-fernandez.es\/en\/wp-json\/wp\/v2\/pages"}],"about":[{"href":"https:\/\/www.marcos-fernandez.es\/en\/wp-json\/wp\/v2\/types\/page"}],"author":[{"embeddable":true,"href":"https:\/\/www.marcos-fernandez.es\/en\/wp-json\/wp\/v2\/users\/1"}],"replies":[{"embeddable":true,"href":"https:\/\/www.marcos-fernandez.es\/en\/wp-json\/wp\/v2\/comments?post=2166"}],"version-history":[{"count":73,"href":"https:\/\/www.marcos-fernandez.es\/en\/wp-json\/wp\/v2\/pages\/2166\/revisions"}],"predecessor-version":[{"id":4950,"href":"https:\/\/www.marcos-fernandez.es\/en\/wp-json\/wp\/v2\/pages\/2166\/revisions\/4950"}],"wp:attachment":[{"href":"https:\/\/www.marcos-fernandez.es\/en\/wp-json\/wp\/v2\/media?parent=2166"}],"curies":[{"name":"wp","href":"https:\/\/api.w.org\/{rel}","templated":true}]}}

<p lang="zxx" style="text-align: justify;"><a href="https://www.marcos-fernandez.es/wp-content/uploads/Nocturno-Sinfonico-Auditorio-de-Galicia.jpg"><img loading="lazy" decoding="async" class="alignleft wp-image-4003 size-medium" src="https://www.marcos-fernandez.es/wp-content/uploads/Nocturno-Sinfonico-Auditorio-de-Galicia-300x169.jpg" alt="" width="300" height="169" srcset="https://www.marcos-fernandez.es/wp-content/uploads/Nocturno-Sinfonico-Auditorio-de-Galicia-300x169.jpg 300w, https://www.marcos-fernandez.es/wp-content/uploads/Nocturno-Sinfonico-Auditorio-de-Galicia-1024x577.jpg 1024w, https://www.marcos-fernandez.es/wp-content/uploads/Nocturno-Sinfonico-Auditorio-de-Galicia-768x433.jpg 768w, https://www.marcos-fernandez.es/wp-content/uploads/Nocturno-Sinfonico-Auditorio-de-Galicia.jpg 1278w" sizes="auto, (max-width: 300px) 100vw, 300px" /></a></p>
<p class="western" align="left">Marcos Fernandez-Barrero is a Spanish pianist, composer, and professor who is a member of the <em>Royal Society of Arts</em> (London), active in the national and international scene, and a faculty member at the Municipal Conservatory of Barcelona.</p>
<p style="text-align: justify;"><strong>Early life and education</strong></p>
<p style="text-align: justify;">Born in Barcelona in 1984, Marcos Fernández-Barrero started his musical studies at the at the Municipal Conservatoire of Barcelona and graduated in piano from ESMUC with Maria Jesús Crespo to later continue his piano training with Ramón Coll and Isobel Anderson. In 2006he move to Scotland to do his second degree in composition, at the Royal Conservatoire of Scotland with Rory Boyle, and later obtained a master's degree in composition from the Royal College of Music in London with Joe Horowitz. He also received composition lessons with Catalan based composers Carles_Guinovart_i_Rubiella, Xavier Boliart, Arnau Bataller , Albert Guinovart and English composers Mark Anthony-Turnage, and Howard Shore, the composer of the music for The Lord of the Rings.</p>
<p style="text-align: justify;">He also studied violin with Gerard Claret, and later with Alex Vidal at the Municipal Conservatoire of Barcelona</p>
<p style="text-align: justify;"><strong>Career</strong></p>
<p style="text-align: justify;">Su distinguida carrera musical le ha valido reconocimiento tanto en España como a nivel internacional con varias docenas de premios y destacándose por el <strong>Premio Francisco Guerrero de la Fundación SGAE </strong>o el prestigioso <strong>IX Premio AEOS-Fundación BBVA</strong>, que le otorgó 18.000€ y entre 2018 y 2020 lo consolidó como «<strong>el compositor vivo más programado en la sala sinfónica española</strong>». Sus composiciones han sido interpretadas tanto a nivel nacional como internacional por orquestas como la <em>Orquesta Nacional de España, la Orquesta de Radio y Televisión Española, la Filarmónica de los Países Bajos, el Orchestre National de Bretagne, la Columbus Symphony Orchestra, la Princeton Symphony Orchestra, la Orquesta Nacional de Malta, la Britten Sinfonia, la Sydney Contemporary Orchestra, la Orquesta Sinfónica de Galicia, la Orquesta Sinfónica de Asturias, la Orquesta Sinfónica de Madrid o la Orquesta Sinfónica de Sevilla</em>, entre muchas otras.</p>
<p>Entre sus obras más destacadas se encuentra un <strong><em>Réquiem</em> </strong>encargado en 2022 por el Coro y la Orquesta Sinfónica de Madrid, que se estrenó en el Auditorio Nacional de España con texto de Antonio Machado y escrito en homenaje a su padre durante el proceso de duelo tras su reciente fallecimiento. También recibió el encargo de un <strong>Concerto for sax quartet and orchestra</strong> en 2023, estrenado en el Palau de la Música Catalana con el cuarteto Kebyart y la Orquesta Sinfónica del Vallès. En 2019, la Orquesta Sinfónica de Barcelona y Nacional de Catalunya (OBC) estrenó en L’Auditori el encargo <em>America (Homenaje a Bernstein)</em>, y entre sus encargos más recientes destacan un <strong>Concierto para Violonchelo y Orquesta</strong> para el solista Guillermo Pastrana, <strong><em>Celtic Sea Symphonique</em></strong> with <strong>Carlos Núñez</strong> como solista y la Orchestre National de Bretagne, y un <strong>Triple Concierto</strong> para el Trio Pedrell y la orquesta Terrassa 48.</p>
<p>In 2014, the Sydney Contemporary Orchestra gave the fifth performance of his work <em>Resonancias para orquesta</em>*Resonàncies per a orquestra*, repeatedly programmed by the Asturian Symphony Orchestra, with whom he also premiered <em>Reflejos</em> (2015) —a symphonic work featuring the local melody “Asturias Patria Querida”— and later <em>Eclipse para orquesta</em> (2016) and <em>Nocturno Sinfónico</em> (2023).</p>
<p style="text-align: justify;"><strong>Piano</strong></p>
<p style="text-align: justify;">During his final ten years in the United Kingdom, he performed extensively around the world as part of several chamber groups, for which he also composed music. In addition, he gave numerous solo performances, playing many of his works for solo piano and also working as an improvising pianist for classical ballet and contemporary dance.</p>
<p style="text-align: justify;">Due to his interest in Cletic Music, he started collaborating with Carlos Nuñez in 2014 when he was invited to perform for his concert Homage to Alan Lomax in the Cidade da Cultura (Santiago, Spain) and later in 2024 he collaborated, both as a composer and pianist, for the creation and recording of his album Celtic Sea</p>
<p style="text-align: justify;">In 2012, he founded the music label Piano Underscore in London, through which he produced three albums that include original works designed to be accessible to non-expert audiences. Many of these were created with a pedagogical focus and have been included in the Piano Music Syllabus 2023 of the Trinity College (London) examination programme.</p>
<p style="text-align: justify;">Some of his most recent piano works have graced venues like the Palau de la Música Catalana, and the Maria Canals International Piano Competition, which commissioned the work FugaCity for the contestants of the 2021 edition. Since then the work has been included in the touring concerts of the winners Jaeden Izik-dzurko’s (Canada), Masaya Kamei (Japan) and Antonio Chen (Italy). The collection of three piano pieces Scenes was commissioned at the same time for the pianist Alex Alguacil to be premiered at the Palau de la Música Catalana in 2022, which was later programmed by the pianist in Lilis Hall (Yokohama, Japan). and at the Círcol de Reus (Tarragona, Spain).</p>
<p style="text-align: justify;"><strong>Opera - Dance - Multidisciplinary collaborations</strong></p>
<p style="text-align: justify;">In 2011 he worked as the resident composer of Crea.Art Box for the crafted their commisioned opera 'Noctum'. A second opera exploring the world of football and the Premier League titled 'Miracle, was commissioned from him in collaboration with best-selling author David Almond to be produced by Opera Sunderland in 2015. The success of this led to the Arts Council of England funding his third opera, 'The Soldier's Return,' premiered in the 2019/2020 season with a libretto by Eliot prize-winning poet Jacob Polley.</p>
<p style="text-align: justify;">Thanks to the funding by Premis Barcelona 2020 Marcos was commissioned a his ballet Smart City (Plancton) to be produced by the Ballet Contemporani de Catalunya with a coreography by Miquel G. Font. which premiered in 2021 at Teatre - Auditori de Sant Cugat (Barcelona) in 2021. In the sam year, he started his collaboration with Spanish and artist based in Japan, Carolina Ceca working on the music for theirs first videart, Intangible, featuring Butoh dance.</p>
<p style="text-align: justify;">Since then, he has scored her later videoarts: Resistance (2023-2024), Dilemma (2022-2023) and Aleph (2021-2022)</p>
<p style="text-align: justify;"><strong>Music Style</strong></p>
<p style="text-align: justify;">His musical oeuvre is characterized by a fusion of diverse techniques and aesthetics, seamlessly blending modern currents with contemporary tendencies, minimalism, electroacoustics, Celtic folklore, flamenco, and jazz. This versatility is evident across various genres, from symphonic and chamber works to operas, ballets, piano compositions, and film scores, showcasing a unique and captivating artistic language that resonates with diverse audiences.</p>
<p style="text-align: justify;">In addition to his musical achievements, his commitment to making music accessible to society led to an invitation from the Royal Society of Arts in London, where he became a fellow during his 12-year residence.</p>
<p style="text-align: justify;"><strong>Teaching</strong></p>
<p style="text-align: justify;">In 2016 he founded the Theory and Composition course at the Trinity Music Academy in London and later served as a composition professor in Madrid's TAI University. He is currently based in Barcelona, where he teaches piano at the Municipal Conservatory of Barcelon since 2019.</p>
<p lang="zxx" style="text-align: justify;"> </p>


<figure class="wp-block-gallery has-nested-images columns-3 wp-block-gallery-1 is-layout-flex wp-block-gallery-is-layout-flex">
<figure class="wp-block-image size-medium"><img loading="lazy" decoding="async" width="300" height="200" data-id="4009" src="https://www.marcos-fernandez.es/wp-content/uploads/7_Euterpe_Sarajevo-300x200.jpg" alt="" class="wp-image-4009" srcset="https://www.marcos-fernandez.es/wp-content/uploads/7_Euterpe_Sarajevo-300x200.jpg 300w, https://www.marcos-fernandez.es/wp-content/uploads/7_Euterpe_Sarajevo-1024x683.jpg 1024w, https://www.marcos-fernandez.es/wp-content/uploads/7_Euterpe_Sarajevo-768x512.jpg 768w, https://www.marcos-fernandez.es/wp-content/uploads/7_Euterpe_Sarajevo-1536x1024.jpg 1536w, https://www.marcos-fernandez.es/wp-content/uploads/7_Euterpe_Sarajevo-2048x1365.jpg 2048w, https://www.marcos-fernandez.es/wp-content/uploads/7_Euterpe_Sarajevo-1600x1067.jpg 1600w" sizes="auto, (max-width: 300px) 100vw, 300px" /><figcaption class="wp-element-caption">Marcos Fernandez. Sarajevo</figcaption></figure>



<figure class="wp-block-image size-medium"><img loading="lazy" decoding="async" width="300" height="200" data-id="4010" src="https://www.marcos-fernandez.es/wp-content/uploads/7_Euterpe_Sarajevo_1-300x200.jpg" alt="" class="wp-image-4010" srcset="https://www.marcos-fernandez.es/wp-content/uploads/7_Euterpe_Sarajevo_1-300x200.jpg 300w, https://www.marcos-fernandez.es/wp-content/uploads/7_Euterpe_Sarajevo_1-1024x683.jpg 1024w, https://www.marcos-fernandez.es/wp-content/uploads/7_Euterpe_Sarajevo_1-768x512.jpg 768w, https://www.marcos-fernandez.es/wp-content/uploads/7_Euterpe_Sarajevo_1-1536x1024.jpg 1536w, https://www.marcos-fernandez.es/wp-content/uploads/7_Euterpe_Sarajevo_1-2048x1365.jpg 2048w, https://www.marcos-fernandez.es/wp-content/uploads/7_Euterpe_Sarajevo_1-1600x1067.jpg 1600w" sizes="auto, (max-width: 300px) 100vw, 300px" /><figcaption class="wp-element-caption"><br>Marcos Fernandez. Sarajevo </figcaption></figure>
</figure>



<p><a href="https://www.marcos-fernandez.es/wp-admin/admin.php?page=Rich-Web%20Slider%20Admin?Rich_Web_PSlider_Nonce=5a691a8b73"></a></p>



<div style="width:100%;padding-top:74px;position:relative;border-bottom:1px solid #aaa;display:inline-block;background:#eee;background:rgba(255,255,255,0.9);">    <iframe src="https://secure-embed.rtve.es/drmn/embed/audio/5706354" name="Nueva ópera de Marcos Fernández" style="width:100%;height:37px;position:absolute;left:0;top:0;overflow:hidden;border:none;background-color:transparent;" scrolling="no" allowfullscreen="allowfullscreen"></iframe>    <div style="position:absolute;bottom:0;left:0;font-family:arial,helvetica,sans-serif;font-size:12px;line-height:1.833;display:inline-block;padding:5px 0 5px 10px;">        <span style="float:left;margin-right:10px;">        	<img decoding="async" style="height:20px;width:auto;background: transparent;padding:0;margin:0;" src="https://img2.rtve.es/css/rtve.commons/rtve.header.footer/i/logoRTVEes.png" alt="">        </span>       	<a style="color:#333;font-weight:bold;" title="New opera by Marcos Fernández" href="https://www.rtve.es/alacarta/audios/musica-viva/nueva-opera-marcos-fernandez-08-11-20/5706354/">            <strong>New opera by Marcos Fernández</strong>		</a>	</div></div>


<p>Watch videos of interviews to the catalan composer Marcos Fernandez-Barrero <a href="https://www.marcos-fernandez.es/en/entrevistas/">here</a></p>

<p>Marcos Fernandez-Barrero es un pianista, compositor y profesor español miembro de la Royal Society of Arts (Londres), activo en el&hellip;</p>
